{"id":20,"date":"2015-04-10T23:17:18","date_gmt":"2015-04-10T21:17:18","guid":{"rendered":"http:\/\/www.communique.de\/?page_id=20"},"modified":"2015-04-10T23:24:12","modified_gmt":"2015-04-10T21:24:12","slug":"netzwerke","status":"publish","type":"page","link":"https:\/\/www.communique.de\/?page_id=20","title":{"rendered":"Netzwerke"},"content":{"rendered":"<p>Wir supporten auf Microsoft\u00a0Servertechnologie basierende\u00a0Netzwerke. Sollten Sie sich in der \u00dcberlegung befinden\u00a0bzw. sich die Notwendigkeit ergeben, der besseren Handhabung und Sicherheit wegen in\u00a0Ihrem Unternehmen\u00a0von\u00a0einer Arbeitsgruppenumgebung auf ein serverbasiertes Netzwerkbetriebssystem umsteigen zu m\u00fcssen, stehen wir\u00a0Ihnen gerne bei der Umsetzung zur Verf\u00fcgung.<\/p>\n<p>Der Kundenwunsch nach eigener Beschaffung von Hardware l\u00e4sst sich selbstverst\u00e4ndlich gerne mit der von uns angebotenen\u00a0Leistung vereinbaren.<\/p>\n<p>Um den an uns herangetragenen, technischen Anspr\u00fcchen in den Punkten Ausfallsicherheit und Leistung gerecht zu werden, kommen typischerweise Server der Marken IBM und Hewlett Packard zum Einsatz. Beim Vertrieb von Arbeitsplatzrechnern setzen wir seit Jahren auf Lenovo (fr\u00fcher IBM) und Hewlett Packard Ger\u00e4te. Selbstkonfigurierte Ger\u00e4te liefern wir grunds\u00e4tzlich nicht; dies ist aber heutzutage keine allzu gro\u00dfe Einschr\u00e4nkung, da man Business PC&#8217;s der oben genannten Hersteller in jeder Leistungs- und Preisklasse\u00a0beschaffen und, mit speziellen Optionen ausgestattet, anbieten\u00a0kann.<\/p>\n<p>Lenovo, IBM, Hewlett Packard und Microsoft sind eingetragene Marken, die durch die Nennung im korrekten Kontext nicht gesetzeswidrig von uns verwendet werden.<\/p>\n","protected":false},"excerpt":{"rendered":"<p>Wir supporten auf Microsoft\u00a0Servertechnologie basierende\u00a0Netzwerke. Sollten Sie sich in der \u00dcberlegung befinden\u00a0bzw. sich die Notwendigkeit ergeben, der besseren Handhabung und Sicherheit wegen in\u00a0Ihrem Unternehmen\u00a0von\u00a0einer Arbeitsgruppenumgebung auf ein serverbasiertes Netzwerkbetriebssystem umsteigen zu m\u00fcssen, stehen wir\u00a0Ihnen gerne bei der Umsetzung zur Verf\u00fcgung. Der Kundenwunsch nach eigener Beschaffung von Hardware l\u00e4sst sich selbstverst\u00e4ndlich gerne mit der von uns [&hellip;]<\/p>\n","protected":false},"author":1,"featured_media":0,"parent":0,"menu_order":0,"comment_status":"open","ping_status":"open","template":"","meta":[],"_links":{"self":[{"href":"https:\/\/www.communique.de\/index.php?rest_route=\/wp\/v2\/pages\/20"}],"collection":[{"href":"https:\/\/www.communique.de\/index.php?rest_route=\/wp\/v2\/pages"}],"about":[{"href":"https:\/\/www.communique.de\/index.php?rest_route=\/wp\/v2\/types\/page"}],"author":[{"embeddable":true,"href":"https:\/\/www.communique.de\/index.php?rest_route=\/wp\/v2\/users\/1"}],"replies":[{"embeddable":true,"href":"https:\/\/www.communique.de\/index.php?rest_route=%2Fwp%2Fv2%2Fcomments&post=20"}],"version-history":[{"count":2,"href":"https:\/\/www.communique.de\/index.php?rest_route=\/wp\/v2\/pages\/20\/revisions"}],"predecessor-version":[{"id":29,"href":"https:\/\/www.communique.de\/index.php?rest_route=\/wp\/v2\/pages\/20\/revisions\/29"}],"wp:attachment":[{"href":"https:\/\/www.communique.de\/index.php?rest_route=%2Fwp%2Fv2%2Fmedia&parent=20"}],"curies":[{"name":"wp","href":"https:\/\/api.w.org\/{rel}","templated":true}]}}